{"id":329,"date":"2018-11-13T11:00:47","date_gmt":"2018-11-13T11:00:47","guid":{"rendered":"https:\/\/miva.nypabbutiken.se\/?post_type=product&#038;p=329"},"modified":"2018-11-14T09:04:44","modified_gmt":"2018-11-14T09:04:44","slug":"jalas-light-sport","status":"publish","type":"product","link":"https:\/\/miva.nypabbutiken.se\/?product=jalas-light-sport","title":{"rendered":"JALAS Light Sport"},"content":{"rendered":"<div>TYP AV SKO<\/div>\n<div>Skyddsskor, l\u00e5gskor<\/div>\n<div>SPIKTRAMPSKYDDSMATERIAL<\/div>\n<div>Plasmabehandlad textil<\/div>\n<div>PASSFORM<\/div>\n<div>Normal<\/div>\n<div>STORLEKAR (EU)<\/div>\n<div>36-47<\/div>\n<div>KOLLEKTION<\/div>\n<div>M-Sport<\/div>\n<div>PLATTFORM<\/div>\n<div>M-Sport<\/div>\n<div>OVANDELSMATERIAL<\/div>\n<div>Spaltl\u00e4der, textil<\/div>\n<div>PRONOSE-MATERIAL<\/div>\n<div>PU<\/div>\n<div>T\u00c5H\u00c4TTEMATERIAL<\/div>\n<div>Aluminium<\/div>\n<div>FODERMATERIAL<\/div>\n<div>Polyester, polyamid<\/div>\n<div>SULMATERIAL<\/div>\n<div>Plastgel\u00e4nk, slitsula i PU<\/div>\n<div>INNERSULA<\/div>\n<div>FX2 Classic<\/div>\n<div>INNERSULEMATERIAL<\/div>\n<div>Textil, mjuk E.V.A, elektriskt ledande<\/div>\n<div>polyestertr\u00e5d, st\u00f6td\u00e4mpningszon i Ergothan<\/div>\n<div>ST\u00c4NGNING<\/div>\n<div>Sn\u00f6rning<\/div>\n<div>F\u00c4RG<\/div>\n<div>Svart, orange<\/div>\n","protected":false},"excerpt":{"rendered":"<p>TYP AV SKO Skyddsskor, l\u00e5gskor SPIKTRAMPSKYDDSMATERIAL Plasmabehandlad textil PASSFORM Normal STORLEKAR (EU) 36-47 KOLLEKTION M-Sport PLATTFORM M-Sport OVANDELSMATERIAL Spaltl\u00e4der, textil PRONOSE-MATERIAL PU T\u00c5H\u00c4TTEMATERIAL Aluminium FODERMATERIAL Polyester, polyamid SULMATERIAL Plastgel\u00e4nk, slitsula i PU INNERSULA FX2 Classic INNERSULEMATERIAL Textil, mjuk E.V.A, elektriskt ledande polyestertr\u00e5d, st\u00f6td\u00e4mpningszon i Ergothan ST\u00c4NGNING Sn\u00f6rning F\u00c4RG Svart, orange<\/p>\n","protected":false},"featured_media":345,"template":"","meta":[],"product_cat":[80],"product_tag":[100,101,104],"class_list":{"0":"post-329","1":"product","2":"type-product","3":"status-publish","4":"has-post-thumbnail","6":"product_cat-tillbehor","7":"product_tag-skor","8":"product_tag-skyddsskor","9":"product_tag-spikskydd","11":"first","12":"instock","13":"shipping-taxable","14":"purchasable","15":"product-type-variable"},"_links":{"self":[{"href":"https:\/\/miva.nypabbutiken.se\/index.php?rest_route=\/wp\/v2\/product\/329","targetHints":{"allow":["GET"]}}],"collection":[{"href":"https:\/\/miva.nypabbutiken.se\/index.php?rest_route=\/wp\/v2\/product"}],"about":[{"href":"https:\/\/miva.nypabbutiken.se\/index.php?rest_route=\/wp\/v2\/types\/product"}],"wp:featuredmedia":[{"embeddable":true,"href":"https:\/\/miva.nypabbutiken.se\/index.php?rest_route=\/wp\/v2\/media\/345"}],"wp:attachment":[{"href":"https:\/\/miva.nypabbutiken.se\/index.php?rest_route=%2Fwp%2Fv2%2Fmedia&parent=329"}],"wp:term":[{"taxonomy":"product_cat","embeddable":true,"href":"https:\/\/miva.nypabbutiken.se\/index.php?rest_route=%2Fwp%2Fv2%2Fproduct_cat&post=329"},{"taxonomy":"product_tag","embeddable":true,"href":"https:\/\/miva.nypabbutiken.se\/index.php?rest_route=%2Fwp%2Fv2%2Fproduct_tag&post=329"}],"curies":[{"name":"wp","href":"https:\/\/api.w.org\/{rel}","templated":true}]}}