{"id":362,"date":"2018-12-10T07:17:35","date_gmt":"2018-12-10T07:17:35","guid":{"rendered":"https:\/\/miva.nypabbutiken.se\/?post_type=product&#038;p=362"},"modified":"2018-12-10T07:17:36","modified_gmt":"2018-12-10T07:17:36","slug":"varseljacka-vinter","status":"publish","type":"product","link":"https:\/\/miva.nypabbutiken.se\/?product=varseljacka-vinter","title":{"rendered":"Varseljacka vinter"},"content":{"rendered":"<p>Vinterjacka i varsel med quiltfoder i ett mycket slitstarkt och vatten- och smutsavvisande ytatyg. Jackan har m\u00f6rka f\u00e4rgf\u00e4lt p\u00e5 de partier d\u00e4r plagget uts\u00e4tts f\u00f6r mest smuts. Jackan har rymliga och bra fickl\u00f6sningar: framfickor, br\u00f6stficka med blixtl\u00e5s, pennficka och telefonficka samt en innerficka med kardborrest\u00e4ngning. Det finns \u00e4ven en avtagbar id-kortsficka. Jackan kan justeras i nederkanten, och den \u00e4r f\u00f6rl\u00e4ngd bak vilket s\u00e4krar att ryggen h\u00e5lls varm \u00e4ven under r\u00f6relse. Det finns bra ytor f\u00f6r dekalm\u00e4rkning p\u00e5 s\u00e5v\u00e4l \u00e4rm, br\u00f6st och rygg. Jackan \u00e4r certifierad enligt EN 20471, skyddskl\u00e4der med god synbarhet, och enligt EN 342 tillsammans med art. 1862. En riktigt bra allround vinterjacka.<\/p>\n","protected":false},"excerpt":{"rendered":"<p>Vinterjacka i varsel med quiltfoder i ett mycket slitstarkt och vatten- och smutsavvisande ytatyg. Jackan har m\u00f6rka f\u00e4rgf\u00e4lt p\u00e5 de partier d\u00e4r plagget uts\u00e4tts f\u00f6r mest smuts. Jackan har rymliga och bra fickl\u00f6sningar: framfickor, br\u00f6stficka med blixtl\u00e5s, pennficka och telefonficka samt en innerficka med kardborrest\u00e4ngning. Det finns \u00e4ven en avtagbar id-kortsficka. Jackan kan justeras i [&hellip;]<\/p>\n","protected":false},"featured_media":370,"template":"","meta":[],"product_cat":[73],"product_tag":[],"class_list":{"0":"post-362","1":"product","2":"type-product","3":"status-publish","4":"has-post-thumbnail","6":"product_cat-overdel","7":"pa_size-3xl","8":"pa_size-4xl","9":"pa_size-l","10":"pa_size-m","11":"pa_size-s","12":"pa_size-xl","13":"pa_size-xxl","15":"first","16":"instock","17":"shipping-taxable","18":"purchasable","19":"product-type-variable"},"_links":{"self":[{"href":"https:\/\/miva.nypabbutiken.se\/index.php?rest_route=\/wp\/v2\/product\/362","targetHints":{"allow":["GET"]}}],"collection":[{"href":"https:\/\/miva.nypabbutiken.se\/index.php?rest_route=\/wp\/v2\/product"}],"about":[{"href":"https:\/\/miva.nypabbutiken.se\/index.php?rest_route=\/wp\/v2\/types\/product"}],"wp:featuredmedia":[{"embeddable":true,"href":"https:\/\/miva.nypabbutiken.se\/index.php?rest_route=\/wp\/v2\/media\/370"}],"wp:attachment":[{"href":"https:\/\/miva.nypabbutiken.se\/index.php?rest_route=%2Fwp%2Fv2%2Fmedia&parent=362"}],"wp:term":[{"taxonomy":"product_cat","embeddable":true,"href":"https:\/\/miva.nypabbutiken.se\/index.php?rest_route=%2Fwp%2Fv2%2Fproduct_cat&post=362"},{"taxonomy":"product_tag","embeddable":true,"href":"https:\/\/miva.nypabbutiken.se\/index.php?rest_route=%2Fwp%2Fv2%2Fproduct_tag&post=362"}],"curies":[{"name":"wp","href":"https:\/\/api.w.org\/{rel}","templated":true}]}}